{"id":741,"date":"2024-05-02T10:07:34","date_gmt":"2024-05-02T09:07:34","guid":{"rendered":"https:\/\/neu.dental-schmiemann.ch\/?page_id=741"},"modified":"2024-05-05T13:34:22","modified_gmt":"2024-05-05T12:34:22","slug":"ueber-uns","status":"publish","type":"page","link":"https:\/\/dental-schmiemann.ch\/?page_id=741","title":{"rendered":"\u00fcber uns"},"content":{"rendered":"\n<div id=\"wp-block-themeisle-blocks-advanced-columns-706c5e2b\" class=\"wp-block-themeisle-blocks-advanced-columns has-1-columns has-desktop-equal-layout has-tablet-equal-layout has-mobile-equal-layout has-vertical-unset\"><div class=\"wp-block-themeisle-blocks-advanced-columns-overlay\"><\/div><div class=\"innerblocks-wrap\">\n<div id=\"wp-block-themeisle-blocks-advanced-column-b08fff83\" class=\"wp-block-themeisle-blocks-advanced-column\">\n<div id=\"wp-block-themeisle-blocks-advanced-columns-ec4d60c9\" class=\"wp-block-themeisle-blocks-advanced-columns has-1-columns has-desktop-equal-layout has-tablet-equal-layout has-mobile-equal-layout has-vertical-unset\"><div class=\"wp-block-themeisle-blocks-advanced-columns-overlay\"><\/div><div class=\"innerblocks-wrap\">\n<div id=\"wp-block-themeisle-blocks-advanced-column-14b2ed36\" class=\"wp-block-themeisle-blocks-advanced-column\">\n<div class=\"wp-block-group\"><div class=\"wp-block-group__inner-container is-layout-constrained wp-block-group-is-layout-constrained\"><style>.wp-block-kadence-advancedheading.kt-adv-heading741_445f5f-1e, .wp-block-kadence-advancedheading.kt-adv-heading741_445f5f-1e[data-kb-block=\"kb-adv-heading741_445f5f-1e\"]{font-size:var(--global-kb-font-size-xl, 3rem);font-style:normal;}.wp-block-kadence-advancedheading.kt-adv-heading741_445f5f-1e mark.kt-highlight, .wp-block-kadence-advancedheading.kt-adv-heading741_445f5f-1e[data-kb-block=\"kb-adv-heading741_445f5f-1e\"] mark.kt-highlight{font-style:normal;color:#f76a0c;-webkit-box-decoration-break:clone;box-decoration-break:clone;padding-top:0px;padding-right:0px;padding-bottom:0px;padding-left:0px;}.wp-block-kadence-advancedheading.kt-adv-heading741_445f5f-1e img.kb-inline-image, .wp-block-kadence-advancedheading.kt-adv-heading741_445f5f-1e[data-kb-block=\"kb-adv-heading741_445f5f-1e\"] img.kb-inline-image{width:150px;vertical-align:baseline;}@media all and (max-width: 1024px){.wp-block-kadence-advancedheading.kt-adv-heading741_445f5f-1e, .wp-block-kadence-advancedheading.kt-adv-heading741_445f5f-1e[data-kb-block=\"kb-adv-heading741_445f5f-1e\"]{font-size:var(--global-kb-font-size-lg, 2rem);}}@media all and (max-width: 767px){.wp-block-kadence-advancedheading.kt-adv-heading741_445f5f-1e, .wp-block-kadence-advancedheading.kt-adv-heading741_445f5f-1e[data-kb-block=\"kb-adv-heading741_445f5f-1e\"]{font-size:var(--global-kb-font-size-md, 1.25rem);}}<\/style>\n<h2 class=\"kt-adv-heading741_445f5f-1e wp-block-kadence-advancedheading\" data-kb-block=\"kb-adv-heading741_445f5f-1e\"><strong>..\u00fcber uns..<\/strong><\/h2>\n\n\n<style>.wp-block-kadence-advancedheading.kt-adv-heading741_58e39f-14, .wp-block-kadence-advancedheading.kt-adv-heading741_58e39f-14[data-kb-block=\"kb-adv-heading741_58e39f-14\"]{font-size:var(--global-kb-font-size-lg, 2rem);font-style:normal;}.wp-block-kadence-advancedheading.kt-adv-heading741_58e39f-14 mark.kt-highlight, .wp-block-kadence-advancedheading.kt-adv-heading741_58e39f-14[data-kb-block=\"kb-adv-heading741_58e39f-14\"] mark.kt-highlight{font-style:normal;color:#f76a0c;-webkit-box-decoration-break:clone;box-decoration-break:clone;padding-top:0px;padding-right:0px;padding-bottom:0px;padding-left:0px;}.wp-block-kadence-advancedheading.kt-adv-heading741_58e39f-14 img.kb-inline-image, .wp-block-kadence-advancedheading.kt-adv-heading741_58e39f-14[data-kb-block=\"kb-adv-heading741_58e39f-14\"] img.kb-inline-image{width:150px;vertical-align:baseline;}@media all and (max-width: 1024px){.wp-block-kadence-advancedheading.kt-adv-heading741_58e39f-14, .wp-block-kadence-advancedheading.kt-adv-heading741_58e39f-14[data-kb-block=\"kb-adv-heading741_58e39f-14\"]{font-size:var(--global-kb-font-size-md, 1.25rem);}}<\/style>\n<p class=\"kt-adv-heading741_58e39f-14 wp-block-kadence-advancedheading\" data-kb-block=\"kb-adv-heading741_58e39f-14\">Seit 2006 beliefern wir als exklusiver Handels- und Vertriebspartner Kunden in der Schweiz und Liechtenstein.<\/p>\n\n\n<style>.wp-block-kadence-advancedheading.kt-adv-heading741_af9b12-66, .wp-block-kadence-advancedheading.kt-adv-heading741_af9b12-66[data-kb-block=\"kb-adv-heading741_af9b12-66\"]{font-size:var(--global-kb-font-size-lg, 2rem);font-style:normal;}.wp-block-kadence-advancedheading.kt-adv-heading741_af9b12-66 mark.kt-highlight, .wp-block-kadence-advancedheading.kt-adv-heading741_af9b12-66[data-kb-block=\"kb-adv-heading741_af9b12-66\"] mark.kt-highlight{font-style:normal;color:#f76a0c;-webkit-box-decoration-break:clone;box-decoration-break:clone;padding-top:0px;padding-right:0px;padding-bottom:0px;padding-left:0px;}.wp-block-kadence-advancedheading.kt-adv-heading741_af9b12-66 img.kb-inline-image, .wp-block-kadence-advancedheading.kt-adv-heading741_af9b12-66[data-kb-block=\"kb-adv-heading741_af9b12-66\"] img.kb-inline-image{width:150px;vertical-align:baseline;}@media all and (max-width: 1024px){.wp-block-kadence-advancedheading.kt-adv-heading741_af9b12-66, .wp-block-kadence-advancedheading.kt-adv-heading741_af9b12-66[data-kb-block=\"kb-adv-heading741_af9b12-66\"]{font-size:var(--global-kb-font-size-md, 1.25rem);}}<\/style>\n<p class=\"kt-adv-heading741_af9b12-66 wp-block-kadence-advancedheading\" data-kb-block=\"kb-adv-heading741_af9b12-66\">Dabei war es uns immer wichtig mit Lieferanten zusammen zu arbeiten welche, selbst produzieren und damit den h\u00f6chsten Qualit\u00e4tsanspr\u00fcchen gen\u00fcgen.<\/p>\n\n\n<style>.wp-block-kadence-advancedheading.kt-adv-heading741_dcf5e6-82, .wp-block-kadence-advancedheading.kt-adv-heading741_dcf5e6-82[data-kb-block=\"kb-adv-heading741_dcf5e6-82\"]{font-size:var(--global-kb-font-size-lg, 2rem);font-style:normal;}.wp-block-kadence-advancedheading.kt-adv-heading741_dcf5e6-82 mark.kt-highlight, .wp-block-kadence-advancedheading.kt-adv-heading741_dcf5e6-82[data-kb-block=\"kb-adv-heading741_dcf5e6-82\"] mark.kt-highlight{font-style:normal;color:#f76a0c;-webkit-box-decoration-break:clone;box-decoration-break:clone;padding-top:0px;padding-right:0px;padding-bottom:0px;padding-left:0px;}.wp-block-kadence-advancedheading.kt-adv-heading741_dcf5e6-82 img.kb-inline-image, .wp-block-kadence-advancedheading.kt-adv-heading741_dcf5e6-82[data-kb-block=\"kb-adv-heading741_dcf5e6-82\"] img.kb-inline-image{width:150px;vertical-align:baseline;}@media all and (max-width: 1024px){.wp-block-kadence-advancedheading.kt-adv-heading741_dcf5e6-82, .wp-block-kadence-advancedheading.kt-adv-heading741_dcf5e6-82[data-kb-block=\"kb-adv-heading741_dcf5e6-82\"]{font-size:var(--global-kb-font-size-md, 1.25rem);}}<\/style>\n<p class=\"kt-adv-heading741_dcf5e6-82 wp-block-kadence-advancedheading\" data-kb-block=\"kb-adv-heading741_dcf5e6-82\">Unsere Kunden haben uns als sehr zuverl\u00e4ssigen Partner kennen und sch\u00e4tzen gelernt.<\/p>\n\n\n<style>.wp-block-kadence-advancedheading.kt-adv-heading741_bbd8d9-e3, .wp-block-kadence-advancedheading.kt-adv-heading741_bbd8d9-e3[data-kb-block=\"kb-adv-heading741_bbd8d9-e3\"]{font-size:var(--global-kb-font-size-lg, 2rem);font-style:normal;}.wp-block-kadence-advancedheading.kt-adv-heading741_bbd8d9-e3 mark.kt-highlight, .wp-block-kadence-advancedheading.kt-adv-heading741_bbd8d9-e3[data-kb-block=\"kb-adv-heading741_bbd8d9-e3\"] mark.kt-highlight{font-style:normal;color:#f76a0c;-webkit-box-decoration-break:clone;box-decoration-break:clone;padding-top:0px;padding-right:0px;padding-bottom:0px;padding-left:0px;}.wp-block-kadence-advancedheading.kt-adv-heading741_bbd8d9-e3 img.kb-inline-image, .wp-block-kadence-advancedheading.kt-adv-heading741_bbd8d9-e3[data-kb-block=\"kb-adv-heading741_bbd8d9-e3\"] img.kb-inline-image{width:150px;vertical-align:baseline;}@media all and (max-width: 1024px){.wp-block-kadence-advancedheading.kt-adv-heading741_bbd8d9-e3, .wp-block-kadence-advancedheading.kt-adv-heading741_bbd8d9-e3[data-kb-block=\"kb-adv-heading741_bbd8d9-e3\"]{font-size:var(--global-kb-font-size-md, 1.25rem);}}<\/style>\n<p class=\"kt-adv-heading741_bbd8d9-e3 wp-block-kadence-advancedheading\" data-kb-block=\"kb-adv-heading741_bbd8d9-e3\">F\u00fcr uns steht Service, Produktqualit\u00e4t, Kompetenz und Zuverl\u00e4ssigkeit an erster Stelle.<\/p>\n\n\n<style>.wp-block-kadence-advancedheading.kt-adv-heading741_2dbdcf-df, .wp-block-kadence-advancedheading.kt-adv-heading741_2dbdcf-df[data-kb-block=\"kb-adv-heading741_2dbdcf-df\"]{font-size:var(--global-kb-font-size-lg, 2rem);font-style:normal;}.wp-block-kadence-advancedheading.kt-adv-heading741_2dbdcf-df mark.kt-highlight, .wp-block-kadence-advancedheading.kt-adv-heading741_2dbdcf-df[data-kb-block=\"kb-adv-heading741_2dbdcf-df\"] mark.kt-highlight{font-style:normal;color:#f76a0c;-webkit-box-decoration-break:clone;box-decoration-break:clone;padding-top:0px;padding-right:0px;padding-bottom:0px;padding-left:0px;}.wp-block-kadence-advancedheading.kt-adv-heading741_2dbdcf-df img.kb-inline-image, .wp-block-kadence-advancedheading.kt-adv-heading741_2dbdcf-df[data-kb-block=\"kb-adv-heading741_2dbdcf-df\"] img.kb-inline-image{width:150px;vertical-align:baseline;}@media all and (max-width: 1024px){.wp-block-kadence-advancedheading.kt-adv-heading741_2dbdcf-df, .wp-block-kadence-advancedheading.kt-adv-heading741_2dbdcf-df[data-kb-block=\"kb-adv-heading741_2dbdcf-df\"]{font-size:var(--global-kb-font-size-md, 1.25rem);}}<\/style>\n<p class=\"kt-adv-heading741_2dbdcf-df wp-block-kadence-advancedheading\" data-kb-block=\"kb-adv-heading741_2dbdcf-df\">Wir garantieren innovative Produkte, beste Qualit\u00e4t und einen fairen Preis.<\/p>\n\n\n<style>.wp-block-kadence-advancedheading.kt-adv-heading741_032293-1c, .wp-block-kadence-advancedheading.kt-adv-heading741_032293-1c[data-kb-block=\"kb-adv-heading741_032293-1c\"]{font-size:var(--global-kb-font-size-lg, 2rem);font-style:normal;}.wp-block-kadence-advancedheading.kt-adv-heading741_032293-1c mark.kt-highlight, .wp-block-kadence-advancedheading.kt-adv-heading741_032293-1c[data-kb-block=\"kb-adv-heading741_032293-1c\"] mark.kt-highlight{font-style:normal;color:#f76a0c;-webkit-box-decoration-break:clone;box-decoration-break:clone;padding-top:0px;padding-right:0px;padding-bottom:0px;padding-left:0px;}.wp-block-kadence-advancedheading.kt-adv-heading741_032293-1c img.kb-inline-image, .wp-block-kadence-advancedheading.kt-adv-heading741_032293-1c[data-kb-block=\"kb-adv-heading741_032293-1c\"] img.kb-inline-image{width:150px;vertical-align:baseline;}@media all and (max-width: 1024px){.wp-block-kadence-advancedheading.kt-adv-heading741_032293-1c, .wp-block-kadence-advancedheading.kt-adv-heading741_032293-1c[data-kb-block=\"kb-adv-heading741_032293-1c\"]{font-size:var(--global-kb-font-size-md, 1.25rem);}}<\/style>\n<p class=\"kt-adv-heading741_032293-1c wp-block-kadence-advancedheading\" data-kb-block=\"kb-adv-heading741_032293-1c\">Wir danken unseren langj\u00e4hrigen Kunden f\u00fcr ihr Vertrauen und begr\u00fcssen gern neue Kunden .<\/p>\n<\/div><\/div>\n\n\n\n<p class=\"wp-block-paragraph\"><\/p>\n<\/div>\n<\/div><\/div>\n<\/div>\n<\/div><\/div>\n\n\n\n<div id=\"wp-block-themeisle-blocks-advanced-columns-dc04046c\" class=\"wp-block-themeisle-blocks-advanced-columns has-2-columns has-desktop-equal-layout has-tablet-equal-layout has-mobile-collapsedRows-layout has-vertical-unset\"><div class=\"wp-block-themeisle-blocks-advanced-columns-overlay\"><\/div><div class=\"innerblocks-wrap\">\n<div id=\"wp-block-themeisle-blocks-advanced-column-97b213ff\" class=\"wp-block-themeisle-blocks-advanced-column\"><style>.kb-image741_fba07e-a5 .kb-image-has-overlay:after{opacity:0.3;}<\/style>\n<div class=\"wp-block-kadence-image kb-image741_fba07e-a5 is-style-default\"><figure class=\"aligncenter size-medium_large\"><img loading=\"lazy\" decoding=\"async\" width=\"768\" height=\"617\" src=\"https:\/\/dental-schmiemann.ch\/wp-content\/uploads\/2024\/05\/bernd-mit-ari2-768x617.jpg\" alt=\"\" class=\"kb-img wp-image-839\" srcset=\"https:\/\/dental-schmiemann.ch\/wp-content\/uploads\/2024\/05\/bernd-mit-ari2-768x617.jpg 768w, https:\/\/dental-schmiemann.ch\/wp-content\/uploads\/2024\/05\/bernd-mit-ari2-300x241.jpg 300w, https:\/\/dental-schmiemann.ch\/wp-content\/uploads\/2024\/05\/bernd-mit-ari2.jpg 956w\" sizes=\"auto, (max-width: 768px) 100vw, 768px\" \/><\/figure><\/div>\n<\/div>\n\n\n\n<div id=\"wp-block-themeisle-blocks-advanced-column-fc67d3df\" class=\"wp-block-themeisle-blocks-advanced-column\"><style>.kb-image741_34c40c-ca.kb-image-is-ratio-size, .kb-image741_34c40c-ca .kb-image-is-ratio-size{max-width:345px;width:100%;}.wp-block-kadence-column > .kt-inside-inner-col > .kb-image741_34c40c-ca.kb-image-is-ratio-size, .wp-block-kadence-column > .kt-inside-inner-col > .kb-image741_34c40c-ca .kb-image-is-ratio-size{align-self:unset;}.kb-image741_34c40c-ca figure{max-width:345px;}.kb-image741_34c40c-ca .image-is-svg, .kb-image741_34c40c-ca .image-is-svg img{width:100%;}.kb-image741_34c40c-ca .kb-image-has-overlay:after{opacity:0.3;}<\/style>\n<div class=\"wp-block-kadence-image kb-image741_34c40c-ca o-anim-hover o-anim-offset-300px\"><figure class=\"aligncenter size-full\"><img loading=\"lazy\" decoding=\"async\" width=\"538\" height=\"488\" src=\"https:\/\/dental-schmiemann.ch\/wp-content\/uploads\/2024\/05\/Zahn-logo-Daumen-hoch-ohne-hintergrund-2x.png\" alt=\"\" class=\"kb-img wp-image-712\" srcset=\"https:\/\/dental-schmiemann.ch\/wp-content\/uploads\/2024\/05\/Zahn-logo-Daumen-hoch-ohne-hintergrund-2x.png 538w, https:\/\/dental-schmiemann.ch\/wp-content\/uploads\/2024\/05\/Zahn-logo-Daumen-hoch-ohne-hintergrund-2x-300x272.png 300w\" sizes=\"auto, (max-width: 538px) 100vw, 538px\" \/><\/figure><\/div>\n<\/div>\n<\/div><\/div>\n\n\n\n<p class=\"wp-block-paragraph\"><\/p>\n","protected":false},"excerpt":{"rendered":"","protected":false},"author":1,"featured_media":0,"parent":0,"menu_order":0,"comment_status":"closed","ping_status":"closed","template":"","meta":{"_crdt_document":"","_themeisle_gutenberg_block_has_review":false,"_kadence_starter_templates_imported_post":false,"_kad_post_transparent":"","_kad_post_title":"hide","_kad_post_layout":"normal","_kad_post_sidebar_id":"","_kad_post_content_style":"default","_kad_post_vertical_padding":"","_kad_post_feature":"","_kad_post_feature_position":"","_kad_post_header":false,"_kad_post_footer":false,"_kad_post_classname":"","footnotes":""},"class_list":["post-741","page","type-page","status-publish","hentry"],"_links":{"self":[{"href":"https:\/\/dental-schmiemann.ch\/index.php?rest_route=\/wp\/v2\/pages\/741","targetHints":{"allow":["GET"]}}],"collection":[{"href":"https:\/\/dental-schmiemann.ch\/index.php?rest_route=\/wp\/v2\/pages"}],"about":[{"href":"https:\/\/dental-schmiemann.ch\/index.php?rest_route=\/wp\/v2\/types\/page"}],"author":[{"embeddable":true,"href":"https:\/\/dental-schmiemann.ch\/index.php?rest_route=\/wp\/v2\/users\/1"}],"replies":[{"embeddable":true,"href":"https:\/\/dental-schmiemann.ch\/index.php?rest_route=%2Fwp%2Fv2%2Fcomments&post=741"}],"version-history":[{"count":2,"href":"https:\/\/dental-schmiemann.ch\/index.php?rest_route=\/wp\/v2\/pages\/741\/revisions"}],"predecessor-version":[{"id":849,"href":"https:\/\/dental-schmiemann.ch\/index.php?rest_route=\/wp\/v2\/pages\/741\/revisions\/849"}],"wp:attachment":[{"href":"https:\/\/dental-schmiemann.ch\/index.php?rest_route=%2Fwp%2Fv2%2Fmedia&parent=741"}],"curies":[{"name":"wp","href":"https:\/\/api.w.org\/{rel}","templated":true}]}}